ndred thousands digit of 2730162400?
1
What is the hundred thousands digit of 40956604?
9
What is the thousands digit of 2899238830?
8
What is the millions digit of 36589915?
6
What is the hundred thousands digit of 11001092?
0
What is the hundreds digit of 209069897?
8
What is the ten millions digit of 221233986?
2
What is the ten thousands digit of 613058022?
5
What is the ten thousands digit of 1327761587?
6
What is the units digit of 472800868?
8
What is the ten thousands digit of 139469249?
6
What is the ten thousands digit of 65092958?
9
What is the tens digit of 86274573?
7
What is the ten millions digit of 514908488?
1
What is the ten thousands digit of 140025203?
2
What is the thousands digit of 240986759?
6
What is the hundreds digit of 845837158?
1
What is the ten millions digit of 3264723599?
6
What is the tens digit of 12257590?
9
What is the tens digit of 3377101456?
5
What is the hundred thousands digit of 62051830?
0
What is the units digit of 228794160?
0
What is the ten millions digit of 3809884323?
0
What is the units digit of 56151322?
2
What is the hundreds digit of 46436089?
0
What is the ten millions digit of 26894482?
2
What is the hundred millions digit of 542847262?
5
What is the thousands digit of 3803036426?
6
What is the units digit of 1338650471?
1
What is the hundred thousands digit of 280550084?
5
What is the millions digit of 3990216340?
0
What is the billions digit of 1502704514?
1
What is the thousands digit of 7423254479?
4
What is the ten millions digit of 73677674?
7
What is the ten millions digit of 885794373?
8
What is the ten thousands digit of 28834704?
3
What is the millions digit of 965592820?
5
What is the millions digit of 19692013?
9
What is the ten thousands digit of 240081464?
8
What is the thousands digit of 1782651313?
1
What is the millions digit of 6313180?
6
What is the hundreds digit of 446579997?
9
What is the ten millions digit of 2302879991?
0
What is the hundreds digit of 2369044672?
6
What is the hundred thousands digit of 624557344?
5
What is the ten thousands digit of 127908809?
0
What is the thousands digit of 72535027?
5
What is the units digit of 3230209?
9
What is the millions digit of 3949805149?
9
What is the tens digit of 158390667?
6
What is the hundred thousands digit of 309250806?
2
What is the tens digit of 248183114?
1
What is the millions digit of 138976784?
8
What is the hundreds digit of 216157855?
8
What is the ten thousands digit of 45474193?
7
What is the thousands digit of 807783296?
3
What is the millions digit of 2346450948?
6
What is the tens digit of 10498314?
1
What is the ten thousands digit of 135194304?
9
What is the hundred thousands digit of 13631090?
6
What is the ten millions digit of 182779423?
8
What is the thousands digit of 145932796?
2
What is the thousands digit of 6678740029?
0
What is the ten thousands digit of 3601509576?
0
What is the ten millions digit of 171049252?
7
What is the thousands digit of 55014987?
4
What is the millions digit of 7800374?
7
What is the ten thousands digit of 223445266?
4
What is the tens digit of 1900675210?
1
What is the tens digit of 5764467998?
9
What is the thousands digit of 85553810?
3
What is the ten millions digit of 1532187988?
3
What is the millions digit of 32122215?
2
What is the hundreds digit of 742925851?
8
What is the ten thousands digit of 26183187?
8
What is the tens digit of 291339117?
1
What is the ten millions digit of 1870853380?
7
What is the tens digit of 14939579?
7
What is the millions digit of 140985229?
0
What is the ten thousands digit of 170416361?
1
What is the units digit of 39140978?
8
What is the ten thousands digit of 76423982?
2
What is the ten millions digit of 5226759106?
2
What is the hundred thousands digit of 4032942433?
9
What is the thousands digit of 357081396?
1
What is the millions digit of 782313897?
2
What is the hundreds digit of 112201014?
0
What is the hundred thousands digit of 75210962?
2
What is the ten thousands digit of 824685376?
8
What is the ten millions digit of 4980560155?
8
What is the hundred thousands digit of 176738840?
7
What is the hundreds digit of 7464415835?
8
What is the ten thousands digit of 7955947?
5
What is the millions digit of 8900312324?
0
What is the ten millions digit of 30179560?
3
What is the thousands digit of 9354765?
4
What is the ten millions digit of 5922897900?
2
What is the thousands digit of 569154062?
4
What is the units digit of 20778499?
9
What is the hundreds digit of 34940769?
7
What is the millions digit of 4673653861?
3
What is the hundreds digit of 645263336?
3
What is the thousands digit of 184855884?
5
What is the hundreds digit of 2685584652?
6
What is the ten thousands digit of 155936926?
3
What is the tens digit of 1281377436?
3
What is the ten thousands digit of 587190365?
9
What is the units digit of 1708626878?
8
What is the ten millions digit of 49808811?
4
What is the tens digit of 110888527?
2
What is the ten millions digit of 529654935?
2
What is the ten millions digit of 918258702?
1
What is the hundreds digit of 513226066?
0
What is the hundred thousands digit of 105114676?
1
What is the units digit of 75651094?
4
What is the tens digit of 367162758?
5
What is the hundreds digit of 24741087?
0
What is the ten thousands digit of 27158265?
5
What is the units digit of 2268811030?
0
What is the units digit of 65322374?
4
What is the hundreds digit of 60025345?
3
What is the millions digit of 261554330?
1
What is the hundred thousands digit of 844308226?
3
What is the units digit of 18330209?
9
What is the millions digit of 119170158?
9
What is the ten thousands digit of 32755262?
5
What is the ten millions digit of 490866305?
9
What is the ten millions digit of 417017483?
1
What is the hundred thousands digit of 145254788?
2
What is the hundred millions digit of 157544351?
1
What is the hundred thousands digit of 251271276?
2
What is the hundreds digit of 23699176?
1
What is the ten millions digit of 623425117?
2
What is the hundred thousands digit of 35143453?
1
What is the hundreds digit of 282365414?
4
What is the tens digit of 698498040?
4
What is the units digit of 53015085?
5
What is the ten thousands digit of 24822744?
2
What is the units digit of 28363426?
6
What is the ten millions digit of 5178578875?
7
What is the thousands digit of 3210076607?
6
What is the hundreds digit of 204428231?
2
What is the hundreds digit of 2546838921?
9
What is the units digit of 7255858039?
9
What is the billions digit of 4209392994?
4
What is the tens digit of 7977233582?
8
What is the ten thousands digit of 70093453?
9
What is the hundred thousands digit of 70242079?
2
What is the millions digit of 3812336563?
2
What is the ten millions digit of 91672256?
9
What is the tens digit of 561989102?
0
What is the thousands digit of 872451147?
1
What is the ten millions digit of 263559537?
6
What is the ten millions digit of 3199844055?
9
What is the hundreds digit of 110905399?
3
What is the ten thousands digit of 53908740?
0
What is the hundreds digit of 5982965766?
7
What is the tens digit of 446888069?
6
What is the tens digit of 39477516?
1
What is the tens digit of 2187362158?
5
What is the hundreds digit of 153387463?
4
What is the thousands digit of 890864204?
4
What is the thousands digit of 3309131?
9
What is the hundred millions digit of 4716629177?
7
What is the ten thousands digit of 381168153?
6
What is the thousands digit of 187043277?
3
What is the tens digit of 42412934?
3
What is the hundreds digit of 2330922948?
9
What is the ten thousands digit of 2102384856?
8
What is the billions digit of 6993668606?
6
What is the hundred thousands digit of 138041749?
0
What is the hundreds digit of 4409036732?
7
What is the hundreds digit of 60953339?
3
What is the hundred millions digit of 546909860?
5
What is the thousands digit of 1211237628?
7
What is the ten millions digit of 257514653?
5
What is the hundreds digit of 54616295?
2
What is the tens digit of 1325207270?
7
What is the thousands digit of 2353465896?
5
What is the billions digit of 5910625580?
5
What is the ten thousands digit of 30702339?
0
What is the hundreds digit of 42345437?
4
What is the millions digit of 122865021?
2
What is the tens dig